{"id":9,"date":"2013-08-11T20:28:53","date_gmt":"2013-08-11T18:28:53","guid":{"rendered":"http:\/\/www.klewer-sanitaer.de\/?page_id=9"},"modified":"2013-08-11T20:42:07","modified_gmt":"2013-08-11T18:42:07","slug":"herzlich-willkommen","status":"publish","type":"page","link":"https:\/\/www.klewer-sanitaer.de\/","title":{"rendered":"Herzlich Willkommen"},"content":{"rendered":"<div id=\"main\">\n<div id=\"spalte-links\">\n<p>Wir begr\u00fc\u00dfen Sie auf den Internetseiten von Klewer Sanit\u00e4r und Heizung in Wuppertal.<\/p>\n<p>Derzeit befindet sich unsere Webseite in der Umstellung.<\/p>\n<p>Wenn Sie Fragen zu unseren Leistungen und Angeboten haben, erreichen Sie uns \u00fcber die nachstehenden Kontaktdaten:<\/p>\n<h3>Anschrift<\/h3>\n<p>Klewer GmbH &amp; Co. KG<br \/>\nKr\u00fchbusch 29<br \/>\n42277 Wuppertal<\/p>\n<h3>Kontaktdaten<\/h3>\n<p>Telefon: 0202 2641199<br \/>\nTelefax: 0202 2641179<br \/>\nMobil: 0160 7432241<br \/>\nMobil: 0160 7432244<\/p>\n<p>E-Mail: <a href=\"mailto:info@klewer-sanitaer.de\">info@klewer-sanitaer.de<\/a><\/p>\n<\/div>\n<\/div>\n","protected":false},"excerpt":{"rendered":"<p>Wir begr\u00fc\u00dfen Sie auf den Internetseiten von Klewer Sanit\u00e4r und Heizung in Wuppertal. Derzeit befindet sich unsere Webseite in der Umstellung. Wenn Sie Fragen zu unseren Leistungen und Angeboten haben, erreichen Sie uns \u00fcber die nachstehenden Kontaktdaten: Anschrift Klewer GmbH &amp; Co. KG Kr\u00fchbusch 29 42277 Wuppertal Kontaktdaten Telefon: 0202 2641199 Telefax: 0202 2641179 Mobil: [&hellip;]<\/p>\n","protected":false},"author":1,"featured_media":0,"parent":0,"menu_order":0,"comment_status":"closed","ping_status":"closed","template":"page-templates\/front-page.php","meta":{"footnotes":""},"class_list":["post-9","page","type-page","status-publish","hentry"],"_links":{"self":[{"href":"https:\/\/www.klewer-sanitaer.de\/index.php?rest_route=\/wp\/v2\/pages\/9","targetHints":{"allow":["GET"]}}],"collection":[{"href":"https:\/\/www.klewer-sanitaer.de\/index.php?rest_route=\/wp\/v2\/pages"}],"about":[{"href":"https:\/\/www.klewer-sanitaer.de\/index.php?rest_route=\/wp\/v2\/types\/page"}],"author":[{"embeddable":true,"href":"https:\/\/www.klewer-sanitaer.de\/index.php?rest_route=\/wp\/v2\/users\/1"}],"replies":[{"embeddable":true,"href":"https:\/\/www.klewer-sanitaer.de\/index.php?rest_route=%2Fwp%2Fv2%2Fcomments&post=9"}],"version-history":[{"count":6,"href":"https:\/\/www.klewer-sanitaer.de\/index.php?rest_route=\/wp\/v2\/pages\/9\/revisions"}],"predecessor-version":[{"id":16,"href":"https:\/\/www.klewer-sanitaer.de\/index.php?rest_route=\/wp\/v2\/pages\/9\/revisions\/16"}],"wp:attachment":[{"href":"https:\/\/www.klewer-sanitaer.de\/index.php?rest_route=%2Fwp%2Fv2%2Fmedia&parent=9"}],"curies":[{"name":"wp","href":"https:\/\/api.w.org\/{rel}","templated":true}]}}